17 divide 42517?
True
Is 4 a factor of 364?
True
Is 1346 a multiple of 26?
False
Is 954 a multiple of 53?
True
Does 33 divide 432?
False
Does 20 divide 112?
False
Is 46 even?
True
Is 15390 a multiple of 103?
False
Is 32 a factor of 1184?
True
Is 13 a factor of 14391?
True
Is 1389 a multiple of 19?
False
Does 44 divide 399?
False
Is 456 a multiple of 14?
False
Is 14 a factor of 700?
True
Is 10 a factor of 2690?
True
Is 6 a factor of 43096?
False
Is 46 a multiple of 11?
False
Does 3 divide 11908?
False
Is 108 a factor of 17496?
True
Is 10 a factor of 1730?
True
Does 21 divide 252?
True
Is 1256 a multiple of 9?
False
Is 4 a factor of 88?
True
Is 35 a factor of 92890?
True
Does 3 divide 55?
False
Is 7 a factor of 2675?
False
Is 22546 a multiple of 42?
False
Is 14 a factor of 70?
True
Is 30 a factor of 210?
True
Does 76 divide 2090?
False
Is 20 a factor of 520?
True
Is 16 a factor of 246?
False
Is 212 a multiple of 4?
True
Is 4033 a multiple of 109?
True
Is 5358 a multiple of 38?
True
Does 74 divide 7400?
True
Is 3180 a multiple of 60?
True
Is 4 a factor of 1380?
True
Does 83 divide 17347?
True
Does 42 divide 79059?
False
Is 3346 a multiple of 16?
False
Is 8965 a multiple of 163?
True
Does 12 divide 3228?
True
Is 4 a factor of 372?
True
Is 6819 a multiple of 78?
False
Does 24 divide 7656?
True
Is 2029 even?
False
Is 4 a factor of 152?
True
Is 22 a factor of 462?
True
Is 83466 a multiple of 20?
False
Is 24925 a multiple of 42?
False
Is 20 a factor of 580?
True
Does 13 divide 16400?
False
Is 7 a factor of 183?
False
Does 25 divide 14675?
True
Is 21631 a multiple of 148?
False
Is 20941 a multiple of 22?
False
Does 76 divide 947?
False
Is 222 a multiple of 3?
True
Is 896 a multiple of 14?
True
Is 1001 a multiple of 13?
True
Does 12 divide 729?
False
Is 45 a factor of 4455?
True
Does 61 divide 1281?
True
Is 6960 a multiple of 5?
True
Does 10 divide 114?
False
Is 65 a factor of 4548?
False
Is 3 a factor of 2235?
True
Is 10 a factor of 58530?
True
Does 66 divide 26684?
False
Is 61 a factor of 84002?
False
Does 17 divide 391?
True
Is 953 a multiple of 9?
False
Is 12 a factor of 2323?
False
Is 884 a multiple of 17?
True
Is 425 a multiple of 14?
False
Is 17 a factor of 24204?
False
Does 8 divide 1216?
True
Is 2481 a multiple of 24?
False
Is 23 a factor of 69357?
False
Is 62 a factor of 28585?
False
Does 45 divide 14795?
False
Does 18 divide 1573?
False
Is 10 a factor of 26?
False
Does 55 divide 1341?
False
Is 1576 a multiple of 37?
False
Is 9870 a multiple of 70?
True
Does 30 divide 2250?
True
Is 6 a factor of 3769?
False
Is 1914 a multiple of 12?
False
Does 12 divide 1309?
False
Is 13 a factor of 2379?
True
Is 4 a factor of 140?
True
Does 61 divide 549?
True
Does 24 divide 268?
False
Is 147 a factor of 3888?
False
Is 26166 a multiple of 147?
True
Is 7 a factor of 810?
False
Does 27 divide 214?
False
Is 33055 a multiple of 10?
False
Does 44 divide 308?
True
Is 4837 a multiple of 31?
False
Is 9 a factor of 1026?
True
Is 3268 a multiple of 86?
True
Is 130138 a multiple of 22?
False
Is 45791 a multiple of 30?
False
Is 240 a multiple of 48?
True
Does 5 divide 105?
True
Is 64 a factor of 7872?
True
Does 8 divide 2488?
True
Does 15 divide 24368?
False
Is 140 a multiple of 7?
True
Is 19544 a multiple of 56?
True
Is 147 a multiple of 16?
False
Is 4 a factor of 602?
False
Is 1000 a multiple of 40?
True
Is 11 a factor of 966?
False
Is 3 a factor of 429?
True
Is 2050 a multiple of 48?
False
Is 10 a factor of 3610?
True
Is 38 a factor of 271?
False
Is 9470 a multiple of 328?
False
Is 11832 a multiple of 51?
True
Is 19 a factor of 5672?
False
Is 2188 a multiple of 40?
False
Does 13 divide 38958?
False
Does 10 divide 640?
True
Does 62 divide 122574?
True
Does 15 divide 13005?
True
Does 30 divide 750?
True
Is 3909 a multiple of 17?
False
Is 5 a factor of 28967?
False
Is 29428 a multiple of 14?
True
Is 260 a multiple of 35?
False
Is 21648 a multiple of 66?
True
Is 27 a factor of 4953?
False
Does 90 divide 8625?
False
Does 180 divide 24840?
True
Does 5 divide 2101?
False
Does 25 divide 1900?
True
Does 7 divide 10398?
False
Does 2 divide 8775?
False
Is 30 a factor of 3900?
True
Is 6 a factor of 21022?
False
Does 5 divide 2133?
False
Is 96 a multiple of 8?
True
Does 95 divide 9975?
True
Is 10 a factor of 880?
True
Does 81 divide 9658?
False
Is 200 a multiple of 104?
False
Does 47 divide 2350?
True
Does 53 divide 1719?
False
Does 3 divide 106?
False
Does 17 divide 12036?
True
Does 50 divide 50?
True
Is 56979 a multiple of 10?
False
Does 12 divide 89?
False
Is 56 a factor of 17192?
True
Does 11 divide 8174?
False
Is 34960 a multiple of 53?
False
Is 11167 a multiple of 31?
False
Is 27 a factor of 89308?
False
Does 9 divide 1948?
False
Is 4142 a multiple of 101?
False
Is 7 a factor of 4023?
False
Is 1106 a multiple of 14?
True
Is 9 a factor of 1708?
False
Is 269 a multiple of 4?
False
Is 6344 a multiple of 61?
True
Is 50 a multiple of 23?
False
Is 1070 a multiple of 10?
True
Is 2088 a multiple of 9?
True
Does 5 divide 1330?
True
Does 13 divide 3865?
False
Is 21996 a multiple of 13?
True
Does 91 divide 15760?
False
Is 8316 a multiple of 21?
True
Is 12 a factor of 224?
False
Does 37 divide 49402?
False
Does 10 divide 14633?
False
Is 64 a factor of 1906?
False
Does 123 divide 1045?
False
Is 14724 a multiple of 9?
True
Does 43 divide 10990?
False
Is 5133 a multiple of 15?
False
Is 11 a factor of 17193?
True
Does 11 divide 233?
False
Is 12342 a multiple of 22?
True
Does 35 divide 350?
True
Is 30613 a multiple of 31?
False
Is 792 a multiple of 22?
True
Is 100 a multiple of 13?
False
Is 44520 a multiple of 11?
False
Is 30 a factor of 3330?
True
Is 2232 a multiple of 15?
False
Is 45 a multiple of 15?
True
Does 54 divide 33102?
True
Does 222 divide 30955?
False
Is 101 a factor of 11474?
False
Does 144 divide 25685?
False
Is 79295 a multiple of 13?
False
Is 50910 a multiple of 17?
False
Is 108 a factor of 2454?
False
Is 1702 a multiple of 10?
False
Is 24 a factor of 1140?
False
Is 442 a multiple of 13?
True
Does 32 divide 3044?
False
Is 27300 a multiple of 156?
True
Does 2 divide 2060?
True
Is 2024 a multiple of 23?
True
Is 2139 a multiple of 69?
True
Is 12134 a multiple of 11?
False
Is 25 a factor of 1825?
True
Is 30 a factor of 4005?
False
Is 27 a factor of 50004?
True
Does 17 divide 6494?
True
Is 84 a factor of 6418?
False
Is 21 a factor of 27552?
True
Is 6 a factor of 7355?
False
Is 6745 a multiple of 12?
False
Does 11 divide 3461?
False
Is 785 a multiple of 17?
False
Is 204 a multiple of 3?
True
Does 195 divide 33345?
True
Does 12 divide 38960?
False
Does 65 divide 381?
False
Does 17 divide 646?
True
Does 99 divide 495?
True
Does 67 divide 14415?
False
Is 5918 a multiple of 16?
False
Is 1520 a multiple of 16?
True
Is 56 a factor of 728?
True
Is 14507 a multiple of 12?
False
Is 61 a factor of 42135?
False
Does 18 divide 756?
True
Is 11346 a multiple of 183?
True
Is 988 a multiple of 13?
True
Is 39 a factor of 24773?
False
Is 10 a factor of 2790?
True
Is 6 a factor of 1578?
True
Is 6 a factor of 43682?
False
Does 2 divide 70?
True
Is 141 a factor of 2777?
False
Is 122 a factor of 31354?
True
Does 13 divide 503?
False
Is 32 a factor of 75179?
False
Is 3 a factor of 293?
False
Is 34 a factor of 1854?
False
Is 13 a factor of 32929?
True
Is 477 a multiple of 6?
False
Does 23 divide 9936?
True
Is 397 a multiple of 96?
False
Does 49 divide 2842?
True
Is 168 a multiple of 28?
True
Is 213 a multiple of 11?
False
Is 9 a factor of 2151?
True
Does 16 divide 3008?
True
Is 10652 a multiple of 8?
False
Is 23 a factor of 497?
False
Does 37 divide 2751?
False
Does 19 divide 247?
True
Is 34486 a multiple of 86?
True
Is 114 a factor of 2736?
True
Does 18 divide 51785?
False
Does 5 divide 290?
True
Is 35 a factor of 665?
True
Is 60 even?
True
Does 4 divide 3143?
False
Is 49728 a multiple of 12?
True
Does 29 divide 19662?
True
Is 75 a multiple of 3?
True
Is 28 a factor of 644?
True
Is 384 a multiple of 24?
True
Is 4 a factor of 797?
False
Is 138 a multiple of 12?
False
Does 2 divide 1359?
False
Is 15 a factor of 2835?
True
Is 1143 a multiple of 6?
False
Is 22 a factor of 83?
False
Is 400 a multiple of 20?
True
Is 58 a factor of 40658?
True
Is 13 a factor of 2691?
True
Is 869 a multiple of 30?
False
Is 